{"id":40,"date":"2023-02-10T19:50:57","date_gmt":"2023-02-10T19:50:57","guid":{"rendered":"https:\/\/kamaylogde.com\/?page_id=40"},"modified":"2023-07-07T19:07:06","modified_gmt":"2023-07-07T19:07:06","slug":"actividades","status":"publish","type":"page","link":"https:\/\/kamaylogde.com\/index.php\/actividades\/","title":{"rendered":"ACTIVIDADES"},"content":{"rendered":"<p>[et_pb_section fb_built=\u00bb1&#8243; bg_img_2=\u00bbhttp:\/\/kamaylogde.com\/wp-content\/uploads\/2023\/02\/resort-02.jpg\u00bb use_background_color_gradient_2=\u00bboff\u00bb background_color_gradient_direction_2=\u00bb105deg\u00bb background_color_gradient_stops_2=\u00bbrgba(255,255,255,0.65) 0%|rgba(255,255,255,0) 76%\u00bb background_color_gradient_start_2=\u00bbrgba(255,255,255,0.65)\u00bb background_color_gradient_end_2=\u00bbrgba(255,255,255,0)\u00bb background_color_gradient_start_position_2=\u00bb0%\u00bb background_color_gradient_end_position_2=\u00bb76%\u00bb background_color_gradient_overlays_image_2=\u00bbon\u00bb admin_label=\u00bbHeader\u00bb _builder_version=\u00bb4.21.0&#8243; background_color=\u00bbRGBA(255,255,255,0)\u00bb use_background_color_gradient=\u00bbon\u00bb background_color_gradient_stops=\u00bbrgba(255,255,255,0) 0%|rgba(0,31,99,0.47) 50%\u00bb background_color_gradient_start=\u00bbrgba(255,255,255,0)\u00bb background_color_gradient_end=\u00bbrgba(0,31,99,0.47)\u00bb background_color_gradient_end_position=\u00bb50%\u00bb background_image=\u00bbhttp:\/\/kamaylogde.com\/wp-content\/uploads\/2023\/06\/FOTOS-PAGINA-KAMAY-PAGINA-WEB-restaurante-29.png\u00bb min_height=\u00bb380.9px\u00bb custom_margin=\u00bb||41px|||\u00bb custom_padding=\u00bb8vw|0px|450px|0px|false|false\u00bb locked=\u00bboff\u00bb global_colors_info=\u00bb{}\u00bb][\/et_pb_section][et_pb_section fb_built=\u00bb1&#8243; _builder_version=\u00bb4.19.5&#8243; _module_preset=\u00bbdefault\u00bb custom_margin=\u00bb-23px|||||\u00bb global_colors_info=\u00bb{}\u00bb][et_pb_row _builder_version=\u00bb4.19.5&#8243; _module_preset=\u00bbdefault\u00bb custom_padding=\u00bb0px||0px|||\u00bb global_colors_info=\u00bb{}\u00bb][et_pb_column type=\u00bb4_4&#8243; _builder_version=\u00bb4.19.5&#8243; _module_preset=\u00bbdefault\u00bb global_colors_info=\u00bb{}\u00bb][et_pb_text disabled_on=\u00bbon|on|off\u00bb _builder_version=\u00bb4.21.0&#8243; text_font=\u00bbAdvent Pro||||||||\u00bb text_line_height=\u00bb2em\u00bb header_font=\u00bbAdvent Pro||||||||\u00bb header_text_color=\u00bb#537332&#8243; header_font_size=\u00bb6vw\u00bb header_line_height=\u00bb1.3em\u00bb header_2_font=\u00bb|700||on|||||\u00bb header_2_font_size=\u00bb16px\u00bb header_2_letter_spacing=\u00bb6px\u00bb header_2_line_height=\u00bb2em\u00bb header_3_font=\u00bb||||||||\u00bb max_width=\u00bb700px\u00bb custom_margin=\u00bb0px|||210px|false|false\u00bb custom_margin_tablet=\u00bb0vw||20px\u00bb header_font_size_tablet=\u00bb10vw\u00bb header_font_size_phone=\u00bb\u00bb header_font_size_last_edited=\u00bbon|phone\u00bb header_2_font_size_tablet=\u00bb\u00bb header_2_font_size_phone=\u00bb12px\u00bb header_2_font_size_last_edited=\u00bbon|phone\u00bb header_text_shadow_style=\u00bbpreset3&#8243; header_text_shadow_vertical_length=\u00bb0.03em\u00bb header_text_shadow_color=\u00bb#ffffff\u00bb locked=\u00bboff\u00bb global_colors_info=\u00bb{}\u00bb header_3_font_size__hover=\u00bb22px\u00bb header_3_font_size__hover_enabled=\u00bb22px\u00bb header_3_letter_spacing__hover=\u00bb0px\u00bb header_3_letter_spacing__hover_enabled=\u00bb0px\u00bb header_3_line_height__hover=\u00bb1em\u00bb header_3_line_height__hover_enabled=\u00bb1em\u00bb header_3_text_shadow_style__hover=\u00bbnone\u00bb header_3_text_shadow_style__hover_enabled=\u00bbnone\u00bb header_3_text_shadow_color__hover=\u00bbrgba(0,0,0,0.4)\u00bb header_3_text_shadow_color__hover_enabled=\u00bbrgba(0,0,0,0.4)\u00bb]<\/p>\n<h1 style=\"text-align: center;\">ACTIVIDADES<\/h1>\n<p>[\/et_pb_text][et_pb_text disabled_on=\u00bboff|off|on\u00bb _builder_version=\u00bb4.21.0&#8243; text_font=\u00bbAdvent Pro||||||||\u00bb text_line_height=\u00bb2em\u00bb header_font=\u00bbAdvent Pro||||||||\u00bb header_text_color=\u00bb#537332&#8243; header_font_size=\u00bb6vw\u00bb header_line_height=\u00bb1.3em\u00bb header_2_font=\u00bb|700||on|||||\u00bb header_2_font_size=\u00bb16px\u00bb header_2_letter_spacing=\u00bb6px\u00bb header_2_line_height=\u00bb2em\u00bb header_3_font=\u00bb||||||||\u00bb max_width=\u00bb700px\u00bb custom_margin=\u00bb0px|||21px|false|false\u00bb custom_margin_tablet=\u00bb0vw||20px\u00bb custom_padding=\u00bb|||0px||\u00bb header_font_size_tablet=\u00bb10vw\u00bb header_font_size_phone=\u00bb\u00bb header_font_size_last_edited=\u00bbon|phone\u00bb header_2_font_size_tablet=\u00bb\u00bb header_2_font_size_phone=\u00bb12px\u00bb header_2_font_size_last_edited=\u00bbon|phone\u00bb header_text_shadow_style=\u00bbpreset3&#8243; header_text_shadow_vertical_length=\u00bb0.03em\u00bb header_text_shadow_color=\u00bb#ffffff\u00bb locked=\u00bboff\u00bb global_colors_info=\u00bb{}\u00bb header_3_font_size__hover=\u00bb22px\u00bb header_3_font_size__hover_enabled=\u00bb22px\u00bb header_3_letter_spacing__hover=\u00bb0px\u00bb header_3_letter_spacing__hover_enabled=\u00bb0px\u00bb header_3_line_height__hover=\u00bb1em\u00bb header_3_line_height__hover_enabled=\u00bb1em\u00bb header_3_text_shadow_style__hover=\u00bbnone\u00bb header_3_text_shadow_style__hover_enabled=\u00bbnone\u00bb header_3_text_shadow_color__hover=\u00bbrgba(0,0,0,0.4)\u00bb header_3_text_shadow_color__hover_enabled=\u00bbrgba(0,0,0,0.4)\u00bb]<\/p>\n<h1 style=\"text-align: center;\">ACTIVIDADES<\/h1>\n<p>[\/et_pb_text][\/et_pb_column][\/et_pb_row][\/et_pb_section][et_pb_section fb_built=\u00bb1&#8243; _builder_version=\u00bb4.19.5&#8243; _module_preset=\u00bbdefault\u00bb background_image=\u00bbhttp:\/\/kamaylogde.com\/wp-content\/uploads\/2023\/03\/FOTOS-PAGINA-KAMAY-PAGINA-WEB-restaurante-8.png\u00bb custom_padding=\u00bb||603px|||\u00bb global_colors_info=\u00bb{}\u00bb][\/et_pb_section][et_pb_section fb_built=\u00bb1&#8243; _builder_version=\u00bb4.19.5&#8243; _module_preset=\u00bbdefault\u00bb global_colors_info=\u00bb{}\u00bb][et_pb_row _builder_version=\u00bb4.19.5&#8243; _module_preset=\u00bbdefault\u00bb global_colors_info=\u00bb{}\u00bb custom_padding=\u00bb0px|||||\u00bb custom_margin=\u00bb-42px|auto||auto||\u00bb][et_pb_column type=\u00bb4_4&#8243; _builder_version=\u00bb4.19.5&#8243; _module_preset=\u00bbdefault\u00bb global_colors_info=\u00bb{}\u00bb][et_pb_image src=\u00bbhttp:\/\/kamaylogde.com\/wp-content\/uploads\/2023\/07\/Diseno-sin-titulo-2023-07-07T123823.269.png\u00bb _builder_version=\u00bb4.21.0&#8243; _module_preset=\u00bbdefault\u00bb title_text=\u00bbDise\u00f1o sin t\u00edtulo &#8211; 2023-07-07T123823.269&#8243; hover_enabled=\u00bb0&#8243; sticky_enabled=\u00bb0&#8243; width=\u00bb11%\u00bb module_alignment=\u00bbcenter\u00bb][\/et_pb_image][et_pb_text _builder_version=\u00bb4.19.5&#8243; _module_preset=\u00bbdefault\u00bb text_font=\u00bbAdvent Pro||||||||\u00bb text_font_size=\u00bb20px\u00bb global_colors_info=\u00bb{}\u00bb custom_margin=\u00bb-37px|||||\u00bb]<\/p>\n<p style=\"text-align: center;\"><span>Imag\u00ednense el calor del fuego, el sonido de las chispas y el aroma de la madera quem\u00e1ndose. Podremos compartir historias, cantar canciones, tocar m\u00fasica y simplemente disfrutar de la compa\u00f1\u00eda de amigos y familiares en un ambiente relajado y acogedor.<\/span><\/p>\n<p>[\/et_pb_text][\/et_pb_column][\/et_pb_row][\/et_pb_section][et_pb_section fb_built=\u00bb1&#8243; admin_label=\u00bbTestimonial\u00bb _builder_version=\u00bb4.19.5&#8243; background_image=\u00bbhttp:\/\/kamaylogde.com\/wp-content\/uploads\/2023\/03\/FOTOS-PAGINA-KAMAY-PAGINA-WEB-restaurante-9.png\u00bb custom_padding=\u00bb||726px|||\u00bb locked=\u00bboff\u00bb global_colors_info=\u00bb{}\u00bb][\/et_pb_section][et_pb_section fb_built=\u00bb1&#8243; _builder_version=\u00bb4.19.5&#8243; _module_preset=\u00bbdefault\u00bb global_colors_info=\u00bb{}\u00bb custom_padding=\u00bb29px|||||\u00bb][et_pb_row _builder_version=\u00bb4.19.5&#8243; _module_preset=\u00bbdefault\u00bb global_colors_info=\u00bb{}\u00bb custom_padding=\u00bb0px|||||\u00bb][et_pb_column type=\u00bb4_4&#8243; _builder_version=\u00bb4.19.5&#8243; _module_preset=\u00bbdefault\u00bb global_colors_info=\u00bb{}\u00bb][et_pb_image src=\u00bbhttp:\/\/kamaylogde.com\/wp-content\/uploads\/2023\/07\/Diseno-sin-titulo-2023-07-07T124246.218.png\u00bb _builder_version=\u00bb4.21.0&#8243; _module_preset=\u00bbdefault\u00bb title_text=\u00bbDise\u00f1o sin t\u00edtulo &#8211; 2023-07-07T124246.218&#8243; hover_enabled=\u00bb0&#8243; sticky_enabled=\u00bb0&#8243; width=\u00bb11%\u00bb module_alignment=\u00bbcenter\u00bb custom_padding=\u00bb||0px|||\u00bb custom_margin=\u00bb-17px|||||\u00bb][\/et_pb_image][et_pb_text _builder_version=\u00bb4.19.5&#8243; _module_preset=\u00bbdefault\u00bb text_font=\u00bbAdvent Pro||||||||\u00bb text_font_size=\u00bb20px\u00bb global_colors_info=\u00bb{}\u00bb custom_margin=\u00bb-58px|||||\u00bb]<\/p>\n<p><span>Vive una experiencia \u00fanica y emocionante ,por la noche, podremos contemplar el cielo estrellado mientras escuchamos el sonido de la naturaleza. Esta ser\u00e1 una oportunidad para desconectar de la ciudad, conectar con la naturaleza y con uno mismo.<\/span><\/p>\n<p>[\/et_pb_text][\/et_pb_column][\/et_pb_row][\/et_pb_section][et_pb_section fb_built=\u00bb1&#8243; _builder_version=\u00bb4.19.5&#8243; _module_preset=\u00bbdefault\u00bb background_video_mp4=\u00bbhttp:\/\/kamaylogde.com\/wp-content\/uploads\/2023\/03\/FOTOS-PAGINA-KAMAY-PAGINA-WEB-restaurante.mp4&#8243; custom_padding=\u00bb||545px|||\u00bb global_colors_info=\u00bb{}\u00bb][\/et_pb_section][et_pb_section fb_built=\u00bb1&#8243; _builder_version=\u00bb4.19.5&#8243; _module_preset=\u00bbdefault\u00bb global_colors_info=\u00bb{}\u00bb][et_pb_row _builder_version=\u00bb4.19.5&#8243; _module_preset=\u00bbdefault\u00bb global_colors_info=\u00bb{}\u00bb custom_padding=\u00bb0px|||||\u00bb custom_margin=\u00bb-29px|auto||auto||\u00bb][et_pb_column type=\u00bb4_4&#8243; _builder_version=\u00bb4.19.5&#8243; _module_preset=\u00bbdefault\u00bb global_colors_info=\u00bb{}\u00bb][et_pb_image src=\u00bbhttp:\/\/kamaylogde.com\/wp-content\/uploads\/2023\/07\/Diseno-sin-titulo-2023-07-07T124702.833.png\u00bb _builder_version=\u00bb4.21.0&#8243; _module_preset=\u00bbdefault\u00bb title_text=\u00bbDise\u00f1o sin t\u00edtulo &#8211; 2023-07-07T124702.833&#8243; width=\u00bb8%\u00bb module_alignment=\u00bbcenter\u00bb hover_enabled=\u00bb0&#8243; sticky_enabled=\u00bb0&#8243;][\/et_pb_image][et_pb_text _builder_version=\u00bb4.19.5&#8243; _module_preset=\u00bbdefault\u00bb text_font=\u00bbAdvent Pro||||||||\u00bb text_font_size=\u00bb20px\u00bb global_colors_info=\u00bb{}\u00bb custom_margin=\u00bb-32px|||||\u00bb]<\/p>\n<p style=\"text-align: center;\"><span>Durante esta caminata podr\u00e1s disfrutar de los hermosos paisajes, respirar aire fresco y disfrutar del sol. Camina a tu ritmo, parando en cada lugar que quieras y disfrutando de la vista y del sonido de la naturaleza. Te<\/span><span> invitamos a unirte a\u00a0 esta aventura junto a Kamay Lodge.<\/span><\/p>\n<p>[\/et_pb_text][\/et_pb_column][\/et_pb_row][\/et_pb_section][et_pb_section fb_built=\u00bb1&#8243; _builder_version=\u00bb4.19.5&#8243; _module_preset=\u00bbdefault\u00bb background_color=\u00bb#000000&#8243; custom_padding=\u00bb17px|||||\u00bb global_colors_info=\u00bb{}\u00bb][et_pb_row column_structure=\u00bb1_3,1_3,1_3&#8243; _builder_version=\u00bb4.19.5&#8243; _module_preset=\u00bbdefault\u00bb global_colors_info=\u00bb{}\u00bb][et_pb_column type=\u00bb1_3&#8243; _builder_version=\u00bb4.19.5&#8243; _module_preset=\u00bbdefault\u00bb global_colors_info=\u00bb{}\u00bb][et_pb_text _builder_version=\u00bb4.19.5&#8243; _module_preset=\u00bbdefault\u00bb text_font=\u00bbAdvent Pro||||||||\u00bb text_text_color=\u00bb#FFFFFF\u00bb text_font_size=\u00bb24px\u00bb custom_padding=\u00bb||1px|||\u00bb global_colors_info=\u00bb{}\u00bb]<\/p>\n<p>SOBRE NOSOTROS<\/p>\n<p>[\/et_pb_text][et_pb_text _builder_version=\u00bb4.19.5&#8243; _module_preset=\u00bbdefault\u00bb text_text_color=\u00bb#FFFFFF\u00bb global_colors_info=\u00bb{}\u00bb]<\/p>\n<p class=\"_04xlpA direction-ltr align-center para-style-body\"><span class=\"S1PPyQ\">Av.Bel\u00e9n y Princesa Toa<\/span><\/p>\n<p class=\"_04xlpA direction-ltr align-center para-style-body\"><span class=\"S1PPyQ\">+593 958924901<\/span><\/p>\n<p class=\"_04xlpA direction-ltr align-center para-style-body\"><span class=\"S1PPyQ\"><span>kamaylodge@gmail.com<\/span><\/span><\/p>\n<p>[\/et_pb_text][\/et_pb_column][et_pb_column type=\u00bb1_3&#8243; _builder_version=\u00bb4.19.5&#8243; _module_preset=\u00bbdefault\u00bb global_colors_info=\u00bb{}\u00bb][et_pb_text _builder_version=\u00bb4.19.5&#8243; _module_preset=\u00bbdefault\u00bb text_font=\u00bbAdvent Pro||||||||\u00bb text_text_color=\u00bb#FFFFFF\u00bb text_font_size=\u00bb24px\u00bb global_colors_info=\u00bb{}\u00bb]<\/p>\n<p>M\u00c1S INFORMACI\u00d3N<\/p>\n<p>[\/et_pb_text][et_pb_text _builder_version=\u00bb4.19.5&#8243; _module_preset=\u00bbdefault\u00bb text_text_color=\u00bb#FFFFFF\u00bb global_colors_info=\u00bb{}\u00bb]<\/p>\n<p>La Empresa<\/p>\n<p>Soporte<\/p>\n<p>Politicas de la empresa<\/p>\n<p>[\/et_pb_text][\/et_pb_column][et_pb_column type=\u00bb1_3&#8243; _builder_version=\u00bb4.19.5&#8243; _module_preset=\u00bbdefault\u00bb global_colors_info=\u00bb{}\u00bb][et_pb_text _builder_version=\u00bb4.19.5&#8243; _module_preset=\u00bbdefault\u00bb text_font=\u00bbAdvent Pro||||||||\u00bb text_text_color=\u00bb#FFFFFF\u00bb text_font_size=\u00bb24px\u00bb global_colors_info=\u00bb{}\u00bb]<\/p>\n<p>SIGUENOS EN REDES SOCIALES<\/p>\n<p>[\/et_pb_text][et_pb_social_media_follow _builder_version=\u00bb4.21.0&#8243; _module_preset=\u00bbdefault\u00bb global_colors_info=\u00bb{}\u00bb][et_pb_social_media_follow_network social_network=\u00bbfacebook\u00bb url=\u00bbhttps:\/\/www.facebook.com\/kamaylodge\u00bb _builder_version=\u00bb4.21.0&#8243; _module_preset=\u00bbdefault\u00bb background_color=\u00bb#81ba26&#8243; background_enable_color=\u00bbon\u00bb global_colors_info=\u00bb{}\u00bb follow_button=\u00bboff\u00bb url_new_window=\u00bbon\u00bb]facebook[\/et_pb_social_media_follow_network][et_pb_social_media_follow_network social_network=\u00bbinstagram\u00bb url=\u00bbhttps:\/\/www.instagram.com\/kamaylodge\/\u00bb _builder_version=\u00bb4.21.0&#8243; _module_preset=\u00bbdefault\u00bb background_color=\u00bb#577332&#8243; background_enable_color=\u00bbon\u00bb global_colors_info=\u00bb{}\u00bb follow_button=\u00bboff\u00bb url_new_window=\u00bbon\u00bb]instagram[\/et_pb_social_media_follow_network][et_pb_social_media_follow_network social_network=\u00bbwhatsapp\u00bb url=\u00bbhttps:\/\/bit.ly\/44nmNdT\u00bb _builder_version=\u00bb4.21.0&#8243; _module_preset=\u00bbdefault\u00bb background_color=\u00bb#81ba26&#8243; background_enable_color=\u00bbon\u00bb global_colors_info=\u00bb{}\u00bb follow_button=\u00bboff\u00bb url_new_window=\u00bbon\u00bb]whatsapp[\/et_pb_social_media_follow_network][et_pb_social_media_follow_network social_network=\u00bbtiktok\u00bb url=\u00bbhttps:\/\/www.tiktok.com\/@kamay_lodge\u00bb _builder_version=\u00bb4.21.0&#8243; _module_preset=\u00bbdefault\u00bb background_color=\u00bb#537332&#8243; background_enable_color=\u00bbon\u00bb global_colors_info=\u00bb{}\u00bb follow_button=\u00bboff\u00bb url_new_window=\u00bbon\u00bb]tiktok[\/et_pb_social_media_follow_network][\/et_pb_social_media_follow][et_pb_text _builder_version=\u00bb4.19.5&#8243; _module_preset=\u00bbdefault\u00bb text_font=\u00bbAdvent Pro||||||||\u00bb text_text_color=\u00bb#FFFFFF\u00bb text_font_size=\u00bb24px\u00bb global_colors_info=\u00bb{}\u00bb]<\/p>\n<p>ENCONTRASTE LO QUE NECESITAS?<\/p>\n<p>[\/et_pb_text][et_pb_search placeholder=\u00bbBUSCAR\u00bb button_color=\u00bb#81ba26&#8243; placeholder_color=\u00bb#FFFFFF\u00bb _builder_version=\u00bb4.19.5&#8243; _module_preset=\u00bbdefault\u00bb form_field_background_color=\u00bbRGBA(255,255,255,0)\u00bb form_field_text_color=\u00bbRGBA(255,255,255,0)\u00bb form_field_focus_background_color=\u00bbRGBA(255,255,255,0)\u00bb form_field_focus_text_color=\u00bbRGBA(255,255,255,0)\u00bb button_text_color=\u00bb#FFFFFF\u00bb border_color_all=\u00bb#81ba26&#8243; global_colors_info=\u00bb{}\u00bb][\/et_pb_search][\/et_pb_column][\/et_pb_row][\/et_pb_section]<\/p>\n","protected":false},"excerpt":{"rendered":"<p>ACTIVIDADESACTIVIDADESImag\u00ednense el calor del fuego, el sonido de las chispas y el aroma de la madera quem\u00e1ndose. Podremos compartir historias, cantar canciones, tocar m\u00fasica y simplemente disfrutar de la compa\u00f1\u00eda de amigos y familiares en un ambiente relajado y acogedor.Vive una experiencia \u00fanica y emocionante ,por la noche, podremos contemplar el cielo estrellado mientras escuchamos [&hellip;]<\/p>\n","protected":false},"author":1,"featured_media":0,"parent":0,"menu_order":0,"comment_status":"closed","ping_status":"closed","template":"","meta":{"_et_pb_use_builder":"on","_et_pb_old_content":"","_et_gb_content_width":"","footnotes":""},"class_list":["post-40","page","type-page","status-publish","hentry"],"yoast_head":"<!-- This site is optimized with the Yoast SEO plugin v27.4 - https:\/\/yoast.com\/product\/yoast-seo-wordpress\/ -->\n<title>ACTIVIDADES - kamaylodge.com<\/title>\n<meta name=\"robots\" content=\"index, follow, max-snippet:-1, max-image-preview:large, max-video-preview:-1\" \/>\n<link rel=\"canonical\" href=\"https:\/\/kamaylogde.com\/index.php\/actividades\/\" \/>\n<meta property=\"og:locale\" content=\"es_ES\" \/>\n<meta property=\"og:type\" content=\"article\" \/>\n<meta property=\"og:title\" content=\"ACTIVIDADES - kamaylodge.com\" \/>\n<meta property=\"og:description\" content=\"ACTIVIDADESACTIVIDADESImag\u00ednense el calor del fuego, el sonido de las chispas y el aroma de la madera quem\u00e1ndose. Podremos compartir historias, cantar canciones, tocar m\u00fasica y simplemente disfrutar de la compa\u00f1\u00eda de amigos y familiares en un ambiente relajado y acogedor.Vive una experiencia \u00fanica y emocionante ,por la noche, podremos contemplar el cielo estrellado mientras escuchamos [&hellip;]\" \/>\n<meta property=\"og:url\" content=\"https:\/\/kamaylogde.com\/index.php\/actividades\/\" \/>\n<meta property=\"og:site_name\" content=\"kamaylodge.com\" \/>\n<meta property=\"article:publisher\" content=\"https:\/\/www.facebook.com\/kamaylodge\" \/>\n<meta property=\"article:modified_time\" content=\"2023-07-07T19:07:06+00:00\" \/>\n<meta name=\"twitter:card\" content=\"summary_large_image\" \/>\n<meta name=\"twitter:label1\" content=\"Tiempo de lectura\" \/>\n\t<meta name=\"twitter:data1\" content=\"8 minutos\" \/>\n<script type=\"application\/ld+json\" class=\"yoast-schema-graph\">{\"@context\":\"https:\\\/\\\/schema.org\",\"@graph\":[{\"@type\":\"WebPage\",\"@id\":\"https:\\\/\\\/kamaylogde.com\\\/index.php\\\/actividades\\\/\",\"url\":\"https:\\\/\\\/kamaylogde.com\\\/index.php\\\/actividades\\\/\",\"name\":\"ACTIVIDADES - kamaylodge.com\",\"isPartOf\":{\"@id\":\"https:\\\/\\\/kamaylogde.com\\\/#website\"},\"datePublished\":\"2023-02-10T19:50:57+00:00\",\"dateModified\":\"2023-07-07T19:07:06+00:00\",\"breadcrumb\":{\"@id\":\"https:\\\/\\\/kamaylogde.com\\\/index.php\\\/actividades\\\/#breadcrumb\"},\"inLanguage\":\"es\",\"potentialAction\":[{\"@type\":\"ReadAction\",\"target\":[\"https:\\\/\\\/kamaylogde.com\\\/index.php\\\/actividades\\\/\"]}]},{\"@type\":\"BreadcrumbList\",\"@id\":\"https:\\\/\\\/kamaylogde.com\\\/index.php\\\/actividades\\\/#breadcrumb\",\"itemListElement\":[{\"@type\":\"ListItem\",\"position\":1,\"name\":\"Home\",\"item\":\"https:\\\/\\\/kamaylogde.com\\\/\"},{\"@type\":\"ListItem\",\"position\":2,\"name\":\"ACTIVIDADES\"}]},{\"@type\":\"WebSite\",\"@id\":\"https:\\\/\\\/kamaylogde.com\\\/#website\",\"url\":\"https:\\\/\\\/kamaylogde.com\\\/\",\"name\":\"kamaylodge.com\",\"description\":\"Un para\u00edso en el Ilal\u00f3\",\"publisher\":{\"@id\":\"https:\\\/\\\/kamaylogde.com\\\/#\\\/schema\\\/person\\\/71d20d51e317ec3864e5fba46f66c670\"},\"potentialAction\":[{\"@type\":\"SearchAction\",\"target\":{\"@type\":\"EntryPoint\",\"urlTemplate\":\"https:\\\/\\\/kamaylogde.com\\\/?s={search_term_string}\"},\"query-input\":{\"@type\":\"PropertyValueSpecification\",\"valueRequired\":true,\"valueName\":\"search_term_string\"}}],\"inLanguage\":\"es\"},{\"@type\":[\"Person\",\"Organization\"],\"@id\":\"https:\\\/\\\/kamaylogde.com\\\/#\\\/schema\\\/person\\\/71d20d51e317ec3864e5fba46f66c670\",\"name\":\"kamaylodge@gmail.com\",\"image\":{\"@type\":\"ImageObject\",\"inLanguage\":\"es\",\"@id\":\"https:\\\/\\\/kamaylogde.com\\\/wp-content\\\/uploads\\\/2023\\\/04\\\/LOGO-KAMAY-LODGE-1.png\",\"url\":\"https:\\\/\\\/kamaylogde.com\\\/wp-content\\\/uploads\\\/2023\\\/04\\\/LOGO-KAMAY-LODGE-1.png\",\"contentUrl\":\"https:\\\/\\\/kamaylogde.com\\\/wp-content\\\/uploads\\\/2023\\\/04\\\/LOGO-KAMAY-LODGE-1.png\",\"width\":1080,\"height\":1080,\"caption\":\"kamaylodge@gmail.com\"},\"logo\":{\"@id\":\"https:\\\/\\\/kamaylogde.com\\\/wp-content\\\/uploads\\\/2023\\\/04\\\/LOGO-KAMAY-LODGE-1.png\"},\"sameAs\":[\"http:\\\/\\\/kamaylodge.com\",\"https:\\\/\\\/www.facebook.com\\\/kamaylodge\",\"https:\\\/\\\/www.instagram.com\\\/kamaylodge\\\/\"]}]}<\/script>\n<!-- \/ Yoast SEO plugin. -->","yoast_head_json":{"title":"ACTIVIDADES - kamaylodge.com","robots":{"index":"index","follow":"follow","max-snippet":"max-snippet:-1","max-image-preview":"max-image-preview:large","max-video-preview":"max-video-preview:-1"},"canonical":"https:\/\/kamaylogde.com\/index.php\/actividades\/","og_locale":"es_ES","og_type":"article","og_title":"ACTIVIDADES - kamaylodge.com","og_description":"ACTIVIDADESACTIVIDADESImag\u00ednense el calor del fuego, el sonido de las chispas y el aroma de la madera quem\u00e1ndose. Podremos compartir historias, cantar canciones, tocar m\u00fasica y simplemente disfrutar de la compa\u00f1\u00eda de amigos y familiares en un ambiente relajado y acogedor.Vive una experiencia \u00fanica y emocionante ,por la noche, podremos contemplar el cielo estrellado mientras escuchamos [&hellip;]","og_url":"https:\/\/kamaylogde.com\/index.php\/actividades\/","og_site_name":"kamaylodge.com","article_publisher":"https:\/\/www.facebook.com\/kamaylodge","article_modified_time":"2023-07-07T19:07:06+00:00","twitter_card":"summary_large_image","twitter_misc":{"Tiempo de lectura":"8 minutos"},"schema":{"@context":"https:\/\/schema.org","@graph":[{"@type":"WebPage","@id":"https:\/\/kamaylogde.com\/index.php\/actividades\/","url":"https:\/\/kamaylogde.com\/index.php\/actividades\/","name":"ACTIVIDADES - kamaylodge.com","isPartOf":{"@id":"https:\/\/kamaylogde.com\/#website"},"datePublished":"2023-02-10T19:50:57+00:00","dateModified":"2023-07-07T19:07:06+00:00","breadcrumb":{"@id":"https:\/\/kamaylogde.com\/index.php\/actividades\/#breadcrumb"},"inLanguage":"es","potentialAction":[{"@type":"ReadAction","target":["https:\/\/kamaylogde.com\/index.php\/actividades\/"]}]},{"@type":"BreadcrumbList","@id":"https:\/\/kamaylogde.com\/index.php\/actividades\/#breadcrumb","itemListElement":[{"@type":"ListItem","position":1,"name":"Home","item":"https:\/\/kamaylogde.com\/"},{"@type":"ListItem","position":2,"name":"ACTIVIDADES"}]},{"@type":"WebSite","@id":"https:\/\/kamaylogde.com\/#website","url":"https:\/\/kamaylogde.com\/","name":"kamaylodge.com","description":"Un para\u00edso en el Ilal\u00f3","publisher":{"@id":"https:\/\/kamaylogde.com\/#\/schema\/person\/71d20d51e317ec3864e5fba46f66c670"},"potentialAction":[{"@type":"SearchAction","target":{"@type":"EntryPoint","urlTemplate":"https:\/\/kamaylogde.com\/?s={search_term_string}"},"query-input":{"@type":"PropertyValueSpecification","valueRequired":true,"valueName":"search_term_string"}}],"inLanguage":"es"},{"@type":["Person","Organization"],"@id":"https:\/\/kamaylogde.com\/#\/schema\/person\/71d20d51e317ec3864e5fba46f66c670","name":"kamaylodge@gmail.com","image":{"@type":"ImageObject","inLanguage":"es","@id":"https:\/\/kamaylogde.com\/wp-content\/uploads\/2023\/04\/LOGO-KAMAY-LODGE-1.png","url":"https:\/\/kamaylogde.com\/wp-content\/uploads\/2023\/04\/LOGO-KAMAY-LODGE-1.png","contentUrl":"https:\/\/kamaylogde.com\/wp-content\/uploads\/2023\/04\/LOGO-KAMAY-LODGE-1.png","width":1080,"height":1080,"caption":"kamaylodge@gmail.com"},"logo":{"@id":"https:\/\/kamaylogde.com\/wp-content\/uploads\/2023\/04\/LOGO-KAMAY-LODGE-1.png"},"sameAs":["http:\/\/kamaylodge.com","https:\/\/www.facebook.com\/kamaylodge","https:\/\/www.instagram.com\/kamaylodge\/"]}]}},"_links":{"self":[{"href":"https:\/\/kamaylogde.com\/index.php\/wp-json\/wp\/v2\/pages\/40","targetHints":{"allow":["GET"]}}],"collection":[{"href":"https:\/\/kamaylogde.com\/index.php\/wp-json\/wp\/v2\/pages"}],"about":[{"href":"https:\/\/kamaylogde.com\/index.php\/wp-json\/wp\/v2\/types\/page"}],"author":[{"embeddable":true,"href":"https:\/\/kamaylogde.com\/index.php\/wp-json\/wp\/v2\/users\/1"}],"replies":[{"embeddable":true,"href":"https:\/\/kamaylogde.com\/index.php\/wp-json\/wp\/v2\/comments?post=40"}],"version-history":[{"count":21,"href":"https:\/\/kamaylogde.com\/index.php\/wp-json\/wp\/v2\/pages\/40\/revisions"}],"predecessor-version":[{"id":615,"href":"https:\/\/kamaylogde.com\/index.php\/wp-json\/wp\/v2\/pages\/40\/revisions\/615"}],"wp:attachment":[{"href":"https:\/\/kamaylogde.com\/index.php\/wp-json\/wp\/v2\/media?parent=40"}],"curies":[{"name":"wp","href":"https:\/\/api.w.org\/{rel}","templated":true}]}}