{"id":44,"date":"2023-02-03T19:26:28","date_gmt":"2023-02-03T19:26:28","guid":{"rendered":"https:\/\/kamaylogde.com\/?page_id=44"},"modified":"2023-07-18T19:20:13","modified_gmt":"2023-07-18T19:20:13","slug":"desayunos","status":"publish","type":"page","link":"https:\/\/kamaylogde.com\/index.php\/desayunos\/","title":{"rendered":"DESAYUNOS"},"content":{"rendered":"<p>[et_pb_section fb_built=\u00bb1&#8243; bg_img_2=\u00bbhttp:\/\/kamaylogde.com\/wp-content\/uploads\/2023\/02\/resort-02.jpg\u00bb use_background_color_gradient_2=\u00bboff\u00bb background_color_gradient_direction_2=\u00bb105deg\u00bb background_color_gradient_stops_2=\u00bbrgba(255,255,255,0.65) 0%|rgba(255,255,255,0) 76%\u00bb background_color_gradient_start_2=\u00bbrgba(255,255,255,0.65)\u00bb background_color_gradient_end_2=\u00bbrgba(255,255,255,0)\u00bb background_color_gradient_start_position_2=\u00bb0%\u00bb background_color_gradient_end_position_2=\u00bb76%\u00bb background_color_gradient_overlays_image_2=\u00bbon\u00bb admin_label=\u00bbHeader\u00bb _builder_version=\u00bb4.21.0&#8243; background_color=\u00bbRGBA(255,255,255,0)\u00bb use_background_color_gradient=\u00bbon\u00bb background_color_gradient_stops=\u00bbrgba(255,255,255,0) 0%|rgba(0,31,99,0.47) 43%\u00bb background_color_gradient_start=\u00bbrgba(255,255,255,0)\u00bb background_color_gradient_end=\u00bbrgba(0,31,99,0.47)\u00bb background_color_gradient_end_position=\u00bb50%\u00bb background_image=\u00bbhttp:\/\/kamaylogde.com\/wp-content\/uploads\/2023\/06\/FOTOS-PAGINA-KAMAY-PAGINA-WEB-restaurante-20.png\u00bb min_height=\u00bb522.2px\u00bb custom_padding=\u00bb20vw|0px|76px|0px|false|false\u00bb global_colors_info=\u00bb{}\u00bb][\/et_pb_section][et_pb_section fb_built=\u00bb1&#8243; _builder_version=\u00bb4.21.0&#8243; _module_preset=\u00bbdefault\u00bb custom_margin=\u00bb13px|||||\u00bb global_colors_info=\u00bb{}\u00bb][et_pb_row _builder_version=\u00bb4.21.0&#8243; _module_preset=\u00bbdefault\u00bb global_colors_info=\u00bb{}\u00bb][et_pb_column type=\u00bb4_4&#8243; _builder_version=\u00bb4.21.0&#8243; _module_preset=\u00bbdefault\u00bb global_colors_info=\u00bb{}\u00bb][et_pb_text _builder_version=\u00bb4.21.0&#8243; _module_preset=\u00bbdefault\u00bb text_font=\u00bbAdvent Pro||||||||\u00bb text_text_color=\u00bb#000000&#8243; header_font=\u00bbAdvent Pro||||||||\u00bb header_text_color=\u00bb#000000&#8243; border_color_all=\u00bb#000000&#8243; global_colors_info=\u00bb{}\u00bb]<\/p>\n<h2 style=\"text-align: center;\"><span>Disfruta de una deliciosa comida en un ambiente tranquilo y acogedor. <\/span><\/h2>\n<h2 style=\"text-align: center;\"><span>\u00a1Comienza tu d\u00eda de la mejor manera con nuestros exquisitos platos!<\/span><\/h2>\n<p>[\/et_pb_text][\/et_pb_column][\/et_pb_row][et_pb_row column_structure=\u00bb1_2,1_2&#8243; _builder_version=\u00bb4.21.0&#8243; _module_preset=\u00bbdefault\u00bb global_colors_info=\u00bb{}\u00bb][et_pb_column type=\u00bb1_2&#8243; _builder_version=\u00bb4.21.0&#8243; _module_preset=\u00bbdefault\u00bb global_colors_info=\u00bb{}\u00bb][et_pb_text _builder_version=\u00bb4.21.0&#8243; _module_preset=\u00bbdefault\u00bb text_font=\u00bbAdvent Pro||||||||\u00bb text_text_color=\u00bb#000000&#8243; header_text_color=\u00bb#80ba25&#8243; global_colors_info=\u00bb{}\u00bb]<\/p>\n<h1 style=\"text-align: center;\"><span>DESAYUNO CL\u00c1SICO<\/span><\/h1>\n<p>[\/et_pb_text][et_pb_text _builder_version=\u00bb4.21.0&#8243; _module_preset=\u00bbdefault\u00bb text_font=\u00bbAdvent Pro||||||||\u00bb global_colors_info=\u00bb{}\u00bb]<\/p>\n<ul>\n<li>\n<h3>Huevos revueltos<\/h3>\n<\/li>\n<li>\n<h3>Tostadas de pan<\/h3>\n<\/li>\n<li>\n<h3>Mermelada casera<\/h3>\n<\/li>\n<li>\n<h3>Caf\u00e9 o t\u00e9 de hierbas<\/h3>\n<\/li>\n<li>\n<h3>Jugo de naranja natural<\/h3>\n<\/li>\n<\/ul>\n<p>[\/et_pb_text][\/et_pb_column][et_pb_column type=\u00bb1_2&#8243; _builder_version=\u00bb4.21.0&#8243; _module_preset=\u00bbdefault\u00bb global_colors_info=\u00bb{}\u00bb][et_pb_image src=\u00bbhttp:\/\/kamaylogde.com\/wp-content\/uploads\/2023\/07\/FOTOS-PAGINA-KAMAY-PAGINA-WEB-restaurante-33.png\u00bb title_text=\u00bbFOTOS PAGINA KAMAY-PAGINA WEB restaurante (33)\u00bb _builder_version=\u00bb4.21.0&#8243; _module_preset=\u00bbdefault\u00bb hover_enabled=\u00bb0&#8243; global_colors_info=\u00bb{}\u00bb sticky_enabled=\u00bb0&#8243;][\/et_pb_image][\/et_pb_column][\/et_pb_row][et_pb_row column_structure=\u00bb1_2,1_2&#8243; _builder_version=\u00bb4.21.0&#8243; _module_preset=\u00bbdefault\u00bb global_colors_info=\u00bb{}\u00bb][et_pb_column type=\u00bb1_2&#8243; _builder_version=\u00bb4.21.0&#8243; _module_preset=\u00bbdefault\u00bb global_colors_info=\u00bb{}\u00bb][et_pb_text _builder_version=\u00bb4.21.0&#8243; _module_preset=\u00bbdefault\u00bb text_font=\u00bbAdvent Pro||||||||\u00bb header_text_color=\u00bb#80ba25&#8243; global_colors_info=\u00bb{}\u00bb]<\/p>\n<h1 style=\"text-align: center;\"><span>DESAYUNO ENERG\u00c9TICO<\/span><\/h1>\n<p>[\/et_pb_text][et_pb_text _builder_version=\u00bb4.21.0&#8243; _module_preset=\u00bbdefault\u00bb text_font=\u00bbAdvent Pro||||||||\u00bb global_colors_info=\u00bb{}\u00bb]<\/p>\n<ul>\n<li>\n<h3>Yogurt natural<\/h3>\n<\/li>\n<li>\n<h3>Granola\u00a0<\/h3>\n<\/li>\n<li>\n<h3>Frutos secos<\/h3>\n<\/li>\n<li>\n<h3>Fruta<\/h3>\n<\/li>\n<li>\n<h3>Caf\u00e9 o t\u00e9 de hierbas<\/h3>\n<\/li>\n<\/ul>\n<p>[\/et_pb_text][\/et_pb_column][et_pb_column type=\u00bb1_2&#8243; _builder_version=\u00bb4.21.0&#8243; _module_preset=\u00bbdefault\u00bb global_colors_info=\u00bb{}\u00bb][et_pb_image src=\u00bbhttp:\/\/kamaylogde.com\/wp-content\/uploads\/2023\/07\/FOTOS-PAGINA-KAMAY-PAGINA-WEB-restaurante-32.png\u00bb title_text=\u00bbFOTOS PAGINA KAMAY-PAGINA WEB restaurante (32)\u00bb _builder_version=\u00bb4.21.0&#8243; _module_preset=\u00bbdefault\u00bb hover_enabled=\u00bb0&#8243; global_colors_info=\u00bb{}\u00bb sticky_enabled=\u00bb0&#8243;][\/et_pb_image][\/et_pb_column][\/et_pb_row][et_pb_row column_structure=\u00bb1_2,1_2&#8243; _builder_version=\u00bb4.21.0&#8243; _module_preset=\u00bbdefault\u00bb global_colors_info=\u00bb{}\u00bb][et_pb_column type=\u00bb1_2&#8243; _builder_version=\u00bb4.21.0&#8243; _module_preset=\u00bbdefault\u00bb global_colors_info=\u00bb{}\u00bb][et_pb_text _builder_version=\u00bb4.21.0&#8243; _module_preset=\u00bbdefault\u00bb text_font=\u00bbAdvent Pro||||||||\u00bb header_text_color=\u00bb#80ba25&#8243; global_colors_info=\u00bb{}\u00bb]<\/p>\n<h1 style=\"text-align: center;\">DESAYUNO KAMAY<\/h1>\n<p>[\/et_pb_text][et_pb_text _builder_version=\u00bb4.21.0&#8243; _module_preset=\u00bbdefault\u00bb text_font=\u00bbAdvent Pro||||||||\u00bb global_colors_info=\u00bb{}\u00bb]<\/p>\n<ul>\n<li>\n<h3>Fruta con yogurt y granola<\/h3>\n<\/li>\n<li>\n<h3>Huevos con tocino y queso<\/h3>\n<\/li>\n<li>\n<h3>Pan integral<\/h3>\n<\/li>\n<li>\n<h3>Caf\u00e9 o t\u00e9 de hierbas\u00a0<\/h3>\n<\/li>\n<li>\n<h3>Jugo Natural<\/h3>\n<\/li>\n<\/ul>\n<p>[\/et_pb_text][\/et_pb_column][et_pb_column type=\u00bb1_2&#8243; _builder_version=\u00bb4.21.0&#8243; _module_preset=\u00bbdefault\u00bb global_colors_info=\u00bb{}\u00bb][et_pb_image src=\u00bbhttp:\/\/kamaylogde.com\/wp-content\/uploads\/2023\/06\/FOTOS-PAGINA-KAMAY-PAGINA-WEB-restaurante-23.png\u00bb title_text=\u00bbFOTOS PAGINA KAMAY-PAGINA WEB restaurante (23)\u00bb _builder_version=\u00bb4.21.0&#8243; _module_preset=\u00bbdefault\u00bb global_colors_info=\u00bb{}\u00bb][\/et_pb_image][\/et_pb_column][\/et_pb_row][\/et_pb_section][et_pb_section fb_built=\u00bb1&#8243; _builder_version=\u00bb4.21.0&#8243; _module_preset=\u00bbdefault\u00bb global_colors_info=\u00bb{}\u00bb][et_pb_row column_structure=\u00bb1_2,1_2&#8243; _builder_version=\u00bb4.21.0&#8243; _module_preset=\u00bbdefault\u00bb global_colors_info=\u00bb{}\u00bb][et_pb_column type=\u00bb1_2&#8243; _builder_version=\u00bb4.21.0&#8243; _module_preset=\u00bbdefault\u00bb global_colors_info=\u00bb{}\u00bb][et_pb_video_slider _builder_version=\u00bb4.21.0&#8243; _module_preset=\u00bbdefault\u00bb global_colors_info=\u00bb{}\u00bb][et_pb_video_slider_item src_webm=\u00bbhttp:\/\/kamaylogde.com\/wp-content\/uploads\/2023\/07\/SaveInsta.App-3130104571116216681-1.mp4&#8243; _builder_version=\u00bb4.21.0&#8243; _module_preset=\u00bbdefault\u00bb global_colors_info=\u00bb{}\u00bb show_image_overlay=\u00bboff\u00bb][\/et_pb_video_slider_item][\/et_pb_video_slider][\/et_pb_column][et_pb_column type=\u00bb1_2&#8243; _builder_version=\u00bb4.21.0&#8243; _module_preset=\u00bbdefault\u00bb global_colors_info=\u00bb{}\u00bb][et_pb_video_slider _builder_version=\u00bb4.21.0&#8243; _module_preset=\u00bbdefault\u00bb global_colors_info=\u00bb{}\u00bb][et_pb_video_slider_item src_webm=\u00bbhttp:\/\/kamaylogde.com\/wp-content\/uploads\/2023\/07\/SaveInsta.App-2801890997184615459.mp4&#8243; _builder_version=\u00bb4.21.0&#8243; _module_preset=\u00bbdefault\u00bb global_colors_info=\u00bb{}\u00bb show_image_overlay=\u00bboff\u00bb][\/et_pb_video_slider_item][\/et_pb_video_slider][\/et_pb_column][\/et_pb_row][\/et_pb_section][et_pb_section fb_built=\u00bb1&#8243; _builder_version=\u00bb4.21.0&#8243; _module_preset=\u00bbdefault\u00bb background_color=\u00bb#000000&#8243; global_colors_info=\u00bb{}\u00bb][et_pb_row column_structure=\u00bb1_3,1_3,1_3&#8243; _builder_version=\u00bb4.21.0&#8243; _module_preset=\u00bbdefault\u00bb global_colors_info=\u00bb{}\u00bb][et_pb_column type=\u00bb1_3&#8243; _builder_version=\u00bb4.21.0&#8243; _module_preset=\u00bbdefault\u00bb global_colors_info=\u00bb{}\u00bb][et_pb_text _builder_version=\u00bb4.21.0&#8243; _module_preset=\u00bbdefault\u00bb text_font=\u00bbAdvent Pro||||||||\u00bb text_text_color=\u00bb#FFFFFF\u00bb header_text_color=\u00bb#FFFFFF\u00bb header_2_text_color=\u00bb#FFFFFF\u00bb global_colors_info=\u00bb{}\u00bb]<\/p>\n<h2>SOBRE NOSOTROS<\/h2>\n<p>[\/et_pb_text][et_pb_text _builder_version=\u00bb4.21.0&#8243; _module_preset=\u00bbdefault\u00bb text_text_color=\u00bb#FFFFFF\u00bb global_colors_info=\u00bb{}\u00bb]<\/p>\n<p class=\"_04xlpA direction-ltr align-center para-style-body\"><span class=\"S1PPyQ\"><span>Av.Bel\u00e9n y Princesa Toa<\/span><\/span><\/p>\n<p class=\"_04xlpA direction-ltr align-center para-style-body\"><span class=\"S1PPyQ\"><span>+593 958924901<\/span><\/span><\/p>\n<p class=\"_04xlpA direction-ltr align-center para-style-body\"><span class=\"S1PPyQ\"><span>kamaylodge@gmail.com<\/span><\/span><\/p>\n<p>[\/et_pb_text][\/et_pb_column][et_pb_column type=\u00bb1_3&#8243; _builder_version=\u00bb4.21.0&#8243; _module_preset=\u00bbdefault\u00bb global_colors_info=\u00bb{}\u00bb][et_pb_text _builder_version=\u00bb4.21.0&#8243; _module_preset=\u00bbdefault\u00bb text_font=\u00bbAdvent Pro||||||||\u00bb header_font=\u00bbAdvent Pro||||||||\u00bb header_2_text_color=\u00bb#FFFFFF\u00bb global_colors_info=\u00bb{}\u00bb]<\/p>\n<h2>M\u00c1S INFORMACI\u00d3N<\/h2>\n<p>[\/et_pb_text][et_pb_text _builder_version=\u00bb4.21.0&#8243; _module_preset=\u00bbdefault\u00bb text_text_color=\u00bb#FFFFFF\u00bb global_colors_info=\u00bb{}\u00bb]<\/p>\n<p>La Empresa<\/p>\n<p>Soporte<\/p>\n<p>Politicas de la empresa<\/p>\n<p>[\/et_pb_text][\/et_pb_column][et_pb_column type=\u00bb1_3&#8243; _builder_version=\u00bb4.21.0&#8243; _module_preset=\u00bbdefault\u00bb global_colors_info=\u00bb{}\u00bb][et_pb_text _builder_version=\u00bb4.21.0&#8243; _module_preset=\u00bbdefault\u00bb text_font=\u00bbAdvent Pro||||||||\u00bb text_text_color=\u00bb#FFFFFF\u00bb header_2_text_color=\u00bb#FFFFFF\u00bb global_colors_info=\u00bb{}\u00bb]<\/p>\n<h2>SIGUENOS EN REDES SOCIALES<\/h2>\n<p>[\/et_pb_text][et_pb_social_media_follow _builder_version=\u00bb4.21.0&#8243; _module_preset=\u00bbdefault\u00bb global_colors_info=\u00bb{}\u00bb][et_pb_social_media_follow_network social_network=\u00bbfacebook\u00bb url=\u00bbhttps:\/\/www.facebook.com\/kamaylodge\u00bb _builder_version=\u00bb4.21.0&#8243; _module_preset=\u00bbdefault\u00bb background_color=\u00bb#80ba25&#8243; background_enable_color=\u00bbon\u00bb global_colors_info=\u00bb{}\u00bb follow_button=\u00bboff\u00bb url_new_window=\u00bbon\u00bb]facebook[\/et_pb_social_media_follow_network][et_pb_social_media_follow_network social_network=\u00bbinstagram\u00bb url=\u00bbhttps:\/\/www.instagram.com\/kamaylodge\/\u00bb _builder_version=\u00bb4.21.0&#8243; _module_preset=\u00bbdefault\u00bb background_color=\u00bb#537332&#8243; background_enable_color=\u00bbon\u00bb global_colors_info=\u00bb{}\u00bb follow_button=\u00bboff\u00bb url_new_window=\u00bbon\u00bb]instagram[\/et_pb_social_media_follow_network][et_pb_social_media_follow_network social_network=\u00bbwhatsapp\u00bb url=\u00bbhttps:\/\/bit.ly\/44nmNdT\u00bb _builder_version=\u00bb4.21.0&#8243; _module_preset=\u00bbdefault\u00bb background_color=\u00bb#80ba25&#8243; background_enable_color=\u00bbon\u00bb global_colors_info=\u00bb{}\u00bb follow_button=\u00bboff\u00bb url_new_window=\u00bbon\u00bb]whatsapp[\/et_pb_social_media_follow_network][et_pb_social_media_follow_network social_network=\u00bbtiktok\u00bb url=\u00bbhttps:\/\/www.tiktok.com\/@kamay_lodge\u00bb _builder_version=\u00bb4.21.0&#8243; _module_preset=\u00bbdefault\u00bb background_color=\u00bb#537332&#8243; background_enable_color=\u00bbon\u00bb global_colors_info=\u00bb{}\u00bb follow_button=\u00bboff\u00bb url_new_window=\u00bbon\u00bb]tiktok[\/et_pb_social_media_follow_network][\/et_pb_social_media_follow][et_pb_text _builder_version=\u00bb4.21.0&#8243; _module_preset=\u00bbdefault\u00bb text_font=\u00bbAdvent Pro||||||||\u00bb text_text_color=\u00bb#FFFFFF\u00bb header_2_text_color=\u00bb#FFFFFF\u00bb border_color_all=\u00bbRGBA(255,255,255,0)\u00bb global_colors_info=\u00bb{}\u00bb]<\/p>\n<h2><span>ENCONTRASTE LO QUE NECESITAS?<\/span><\/h2>\n<p>[\/et_pb_text][et_pb_search button_color=\u00bb#80ba25&#8243; _builder_version=\u00bb4.21.0&#8243; _module_preset=\u00bbdefault\u00bb button_text_color=\u00bb#FFFFFF\u00bb border_color_all=\u00bb#80ba25&#8243; global_colors_info=\u00bb{}\u00bb][\/et_pb_search][\/et_pb_column][\/et_pb_row][\/et_pb_section]<\/p>\n","protected":false},"excerpt":{"rendered":"<p>Disfruta de una deliciosa comida en un ambiente tranquilo y acogedor. \u00a1Comienza tu d\u00eda de la mejor manera con nuestros exquisitos platos!DESAYUNO CL\u00c1SICO Huevos revueltos Tostadas de pan Mermelada casera Caf\u00e9 o t\u00e9 de hierbas Jugo de naranja natural DESAYUNO ENERG\u00c9TICO Yogurt natural Granola\u00a0 Frutos secos Fruta Caf\u00e9 o t\u00e9 de hierbas DESAYUNO KAMAY Fruta [&hellip;]<\/p>\n","protected":false},"author":1,"featured_media":0,"parent":0,"menu_order":0,"comment_status":"closed","ping_status":"closed","template":"","meta":{"_et_pb_use_builder":"on","_et_pb_old_content":"","_et_gb_content_width":"","footnotes":""},"class_list":["post-44","page","type-page","status-publish","hentry"],"yoast_head":"<!-- This site is optimized with the Yoast SEO plugin v27.4 - https:\/\/yoast.com\/product\/yoast-seo-wordpress\/ -->\n<title>DESAYUNOS - kamaylodge.com<\/title>\n<meta name=\"robots\" content=\"index, follow, max-snippet:-1, max-image-preview:large, max-video-preview:-1\" \/>\n<link rel=\"canonical\" href=\"https:\/\/kamaylogde.com\/index.php\/desayunos\/\" \/>\n<meta property=\"og:locale\" content=\"es_ES\" \/>\n<meta property=\"og:type\" content=\"article\" \/>\n<meta property=\"og:title\" content=\"DESAYUNOS - kamaylodge.com\" \/>\n<meta property=\"og:description\" content=\"Disfruta de una deliciosa comida en un ambiente tranquilo y acogedor. \u00a1Comienza tu d\u00eda de la mejor manera con nuestros exquisitos platos!DESAYUNO CL\u00c1SICO Huevos revueltos Tostadas de pan Mermelada casera Caf\u00e9 o t\u00e9 de hierbas Jugo de naranja natural DESAYUNO ENERG\u00c9TICO Yogurt natural Granola\u00a0 Frutos secos Fruta Caf\u00e9 o t\u00e9 de hierbas DESAYUNO KAMAY Fruta [&hellip;]\" \/>\n<meta property=\"og:url\" content=\"https:\/\/kamaylogde.com\/index.php\/desayunos\/\" \/>\n<meta property=\"og:site_name\" content=\"kamaylodge.com\" \/>\n<meta property=\"article:publisher\" content=\"https:\/\/www.facebook.com\/kamaylodge\" \/>\n<meta property=\"article:modified_time\" content=\"2023-07-18T19:20:13+00:00\" \/>\n<meta name=\"twitter:card\" content=\"summary_large_image\" \/>\n<meta name=\"twitter:label1\" content=\"Tiempo de lectura\" \/>\n\t<meta name=\"twitter:data1\" content=\"6 minutos\" \/>\n<script type=\"application\/ld+json\" class=\"yoast-schema-graph\">{\"@context\":\"https:\\\/\\\/schema.org\",\"@graph\":[{\"@type\":\"WebPage\",\"@id\":\"https:\\\/\\\/kamaylogde.com\\\/index.php\\\/desayunos\\\/\",\"url\":\"https:\\\/\\\/kamaylogde.com\\\/index.php\\\/desayunos\\\/\",\"name\":\"DESAYUNOS - kamaylodge.com\",\"isPartOf\":{\"@id\":\"https:\\\/\\\/kamaylogde.com\\\/#website\"},\"datePublished\":\"2023-02-03T19:26:28+00:00\",\"dateModified\":\"2023-07-18T19:20:13+00:00\",\"breadcrumb\":{\"@id\":\"https:\\\/\\\/kamaylogde.com\\\/index.php\\\/desayunos\\\/#breadcrumb\"},\"inLanguage\":\"es\",\"potentialAction\":[{\"@type\":\"ReadAction\",\"target\":[\"https:\\\/\\\/kamaylogde.com\\\/index.php\\\/desayunos\\\/\"]}]},{\"@type\":\"BreadcrumbList\",\"@id\":\"https:\\\/\\\/kamaylogde.com\\\/index.php\\\/desayunos\\\/#breadcrumb\",\"itemListElement\":[{\"@type\":\"ListItem\",\"position\":1,\"name\":\"Home\",\"item\":\"https:\\\/\\\/kamaylogde.com\\\/\"},{\"@type\":\"ListItem\",\"position\":2,\"name\":\"DESAYUNOS\"}]},{\"@type\":\"WebSite\",\"@id\":\"https:\\\/\\\/kamaylogde.com\\\/#website\",\"url\":\"https:\\\/\\\/kamaylogde.com\\\/\",\"name\":\"kamaylodge.com\",\"description\":\"Un para\u00edso en el Ilal\u00f3\",\"publisher\":{\"@id\":\"https:\\\/\\\/kamaylogde.com\\\/#\\\/schema\\\/person\\\/71d20d51e317ec3864e5fba46f66c670\"},\"potentialAction\":[{\"@type\":\"SearchAction\",\"target\":{\"@type\":\"EntryPoint\",\"urlTemplate\":\"https:\\\/\\\/kamaylogde.com\\\/?s={search_term_string}\"},\"query-input\":{\"@type\":\"PropertyValueSpecification\",\"valueRequired\":true,\"valueName\":\"search_term_string\"}}],\"inLanguage\":\"es\"},{\"@type\":[\"Person\",\"Organization\"],\"@id\":\"https:\\\/\\\/kamaylogde.com\\\/#\\\/schema\\\/person\\\/71d20d51e317ec3864e5fba46f66c670\",\"name\":\"kamaylodge@gmail.com\",\"image\":{\"@type\":\"ImageObject\",\"inLanguage\":\"es\",\"@id\":\"https:\\\/\\\/kamaylogde.com\\\/wp-content\\\/uploads\\\/2023\\\/04\\\/LOGO-KAMAY-LODGE-1.png\",\"url\":\"https:\\\/\\\/kamaylogde.com\\\/wp-content\\\/uploads\\\/2023\\\/04\\\/LOGO-KAMAY-LODGE-1.png\",\"contentUrl\":\"https:\\\/\\\/kamaylogde.com\\\/wp-content\\\/uploads\\\/2023\\\/04\\\/LOGO-KAMAY-LODGE-1.png\",\"width\":1080,\"height\":1080,\"caption\":\"kamaylodge@gmail.com\"},\"logo\":{\"@id\":\"https:\\\/\\\/kamaylogde.com\\\/wp-content\\\/uploads\\\/2023\\\/04\\\/LOGO-KAMAY-LODGE-1.png\"},\"sameAs\":[\"http:\\\/\\\/kamaylodge.com\",\"https:\\\/\\\/www.facebook.com\\\/kamaylodge\",\"https:\\\/\\\/www.instagram.com\\\/kamaylodge\\\/\"]}]}<\/script>\n<!-- \/ Yoast SEO plugin. -->","yoast_head_json":{"title":"DESAYUNOS - kamaylodge.com","robots":{"index":"index","follow":"follow","max-snippet":"max-snippet:-1","max-image-preview":"max-image-preview:large","max-video-preview":"max-video-preview:-1"},"canonical":"https:\/\/kamaylogde.com\/index.php\/desayunos\/","og_locale":"es_ES","og_type":"article","og_title":"DESAYUNOS - kamaylodge.com","og_description":"Disfruta de una deliciosa comida en un ambiente tranquilo y acogedor. \u00a1Comienza tu d\u00eda de la mejor manera con nuestros exquisitos platos!DESAYUNO CL\u00c1SICO Huevos revueltos Tostadas de pan Mermelada casera Caf\u00e9 o t\u00e9 de hierbas Jugo de naranja natural DESAYUNO ENERG\u00c9TICO Yogurt natural Granola\u00a0 Frutos secos Fruta Caf\u00e9 o t\u00e9 de hierbas DESAYUNO KAMAY Fruta [&hellip;]","og_url":"https:\/\/kamaylogde.com\/index.php\/desayunos\/","og_site_name":"kamaylodge.com","article_publisher":"https:\/\/www.facebook.com\/kamaylodge","article_modified_time":"2023-07-18T19:20:13+00:00","twitter_card":"summary_large_image","twitter_misc":{"Tiempo de lectura":"6 minutos"},"schema":{"@context":"https:\/\/schema.org","@graph":[{"@type":"WebPage","@id":"https:\/\/kamaylogde.com\/index.php\/desayunos\/","url":"https:\/\/kamaylogde.com\/index.php\/desayunos\/","name":"DESAYUNOS - kamaylodge.com","isPartOf":{"@id":"https:\/\/kamaylogde.com\/#website"},"datePublished":"2023-02-03T19:26:28+00:00","dateModified":"2023-07-18T19:20:13+00:00","breadcrumb":{"@id":"https:\/\/kamaylogde.com\/index.php\/desayunos\/#breadcrumb"},"inLanguage":"es","potentialAction":[{"@type":"ReadAction","target":["https:\/\/kamaylogde.com\/index.php\/desayunos\/"]}]},{"@type":"BreadcrumbList","@id":"https:\/\/kamaylogde.com\/index.php\/desayunos\/#breadcrumb","itemListElement":[{"@type":"ListItem","position":1,"name":"Home","item":"https:\/\/kamaylogde.com\/"},{"@type":"ListItem","position":2,"name":"DESAYUNOS"}]},{"@type":"WebSite","@id":"https:\/\/kamaylogde.com\/#website","url":"https:\/\/kamaylogde.com\/","name":"kamaylodge.com","description":"Un para\u00edso en el Ilal\u00f3","publisher":{"@id":"https:\/\/kamaylogde.com\/#\/schema\/person\/71d20d51e317ec3864e5fba46f66c670"},"potentialAction":[{"@type":"SearchAction","target":{"@type":"EntryPoint","urlTemplate":"https:\/\/kamaylogde.com\/?s={search_term_string}"},"query-input":{"@type":"PropertyValueSpecification","valueRequired":true,"valueName":"search_term_string"}}],"inLanguage":"es"},{"@type":["Person","Organization"],"@id":"https:\/\/kamaylogde.com\/#\/schema\/person\/71d20d51e317ec3864e5fba46f66c670","name":"kamaylodge@gmail.com","image":{"@type":"ImageObject","inLanguage":"es","@id":"https:\/\/kamaylogde.com\/wp-content\/uploads\/2023\/04\/LOGO-KAMAY-LODGE-1.png","url":"https:\/\/kamaylogde.com\/wp-content\/uploads\/2023\/04\/LOGO-KAMAY-LODGE-1.png","contentUrl":"https:\/\/kamaylogde.com\/wp-content\/uploads\/2023\/04\/LOGO-KAMAY-LODGE-1.png","width":1080,"height":1080,"caption":"kamaylodge@gmail.com"},"logo":{"@id":"https:\/\/kamaylogde.com\/wp-content\/uploads\/2023\/04\/LOGO-KAMAY-LODGE-1.png"},"sameAs":["http:\/\/kamaylodge.com","https:\/\/www.facebook.com\/kamaylodge","https:\/\/www.instagram.com\/kamaylodge\/"]}]}},"_links":{"self":[{"href":"https:\/\/kamaylogde.com\/index.php\/wp-json\/wp\/v2\/pages\/44","targetHints":{"allow":["GET"]}}],"collection":[{"href":"https:\/\/kamaylogde.com\/index.php\/wp-json\/wp\/v2\/pages"}],"about":[{"href":"https:\/\/kamaylogde.com\/index.php\/wp-json\/wp\/v2\/types\/page"}],"author":[{"embeddable":true,"href":"https:\/\/kamaylogde.com\/index.php\/wp-json\/wp\/v2\/users\/1"}],"replies":[{"embeddable":true,"href":"https:\/\/kamaylogde.com\/index.php\/wp-json\/wp\/v2\/comments?post=44"}],"version-history":[{"count":13,"href":"https:\/\/kamaylogde.com\/index.php\/wp-json\/wp\/v2\/pages\/44\/revisions"}],"predecessor-version":[{"id":628,"href":"https:\/\/kamaylogde.com\/index.php\/wp-json\/wp\/v2\/pages\/44\/revisions\/628"}],"wp:attachment":[{"href":"https:\/\/kamaylogde.com\/index.php\/wp-json\/wp\/v2\/media?parent=44"}],"curies":[{"name":"wp","href":"https:\/\/api.w.org\/{rel}","templated":true}]}}